{"id":494,"date":"2021-11-01T14:28:52","date_gmt":"2021-11-01T14:28:52","guid":{"rendered":"https:\/\/demo.athemes.com\/sydney-main\/?page_id=494"},"modified":"2024-02-19T18:04:57","modified_gmt":"2024-02-19T18:04:57","slug":"planes","status":"publish","type":"page","link":"https:\/\/wiaje.com\/?page_id=494","title":{"rendered":"Planes Totales"},"content":{"rendered":"\t\t<div data-elementor-type=\"wp-page\" data-elementor-id=\"494\" class=\"elementor elementor-494\">\n\t\t\t\t\t\t\t\t\t<section class=\"elementor-section elementor-top-section elementor-element elementor-element-2b5663b elementor-section-content-middle elementor-section-boxed elementor-section-height-default elementor-section-height-default\" data-id=\"2b5663b\" data-element_type=\"section\">\n\t\t\t\t\t\t<div class=\"elementor-container elementor-column-gap-default\">\n\t\t\t\t\t<div class=\"elementor-column elementor-col-50 elementor-top-column elementor-element elementor-element-4268857\" data-id=\"4268857\" data-element_type=\"column\">\n\t\t\t<div class=\"elementor-widget-wrap elementor-element-populated\">\n\t\t\t\t\t\t\t\t<div class=\"elementor-element elementor-element-344bd04 elementor-widget elementor-widget-heading\" data-id=\"344bd04\" data-element_type=\"widget\" data-widget_type=\"heading.default\">\n\t\t\t\t<div class=\"elementor-widget-container\">\n\t\t\t<style>\/*! elementor - v3.18.0 - 20-12-2023 *\/\n.elementor-heading-title{padding:0;margin:0;line-height:1}.elementor-widget-heading .elementor-heading-title[class*=elementor-size-]>a{color:inherit;font-size:inherit;line-height:inherit}.elementor-widget-heading .elementor-heading-title.elementor-size-small{font-size:15px}.elementor-widget-heading .elementor-heading-title.elementor-size-medium{font-size:19px}.elementor-widget-heading .elementor-heading-title.elementor-size-large{font-size:29px}.elementor-widget-heading .elementor-heading-title.elementor-size-xl{font-size:39px}.elementor-widget-heading .elementor-heading-title.elementor-size-xxl{font-size:59px}<\/style><h2 class=\"elementor-heading-title elementor-size-default\">Nuestros Planes<\/h2>\t\t<\/div>\n\t\t\t\t<\/div>\n\t\t\t\t\t<\/div>\n\t\t<\/div>\n\t\t\t\t<div class=\"elementor-column elementor-col-50 elementor-top-column elementor-element elementor-element-872155d\" data-id=\"872155d\" data-element_type=\"column\">\n\t\t\t<div class=\"elementor-widget-wrap elementor-element-populated\">\n\t\t\t\t\t\t\t\t<div class=\"elementor-element elementor-element-3b34bfc elementor-widget elementor-widget-text-editor\" data-id=\"3b34bfc\" data-element_type=\"widget\" data-widget_type=\"text-editor.default\">\n\t\t\t\t<div class=\"elementor-widget-container\">\n\t\t\t<style>\/*! elementor - v3.18.0 - 20-12-2023 *\/\n.elementor-widget-text-editor.elementor-drop-cap-view-stacked .elementor-drop-cap{background-color:#69727d;color:#fff}.elementor-widget-text-editor.elementor-drop-cap-view-framed .elementor-drop-cap{color:#69727d;border:3px solid;background-color:transparent}.elementor-widget-text-editor:not(.elementor-drop-cap-view-default) .elementor-drop-cap{margin-top:8px}.elementor-widget-text-editor:not(.elementor-drop-cap-view-default) .elementor-drop-cap-letter{width:1em;height:1em}.elementor-widget-text-editor .elementor-drop-cap{float:left;text-align:center;line-height:1;font-size:50px}.elementor-widget-text-editor .elementor-drop-cap-letter{display:inline-block}<\/style>\t\t\t\t<p style=\"margin: 0;\">Wiaje\u00ae no tiene l\u00edmites. Podemos llevarte a donde sue\u00f1es. Pero para ayudarte en tu decisi\u00f3n creamos paquetes totales a un costo incre\u00edble.<\/p>\t\t\t\t\t\t<\/div>\n\t\t\t\t<\/div>\n\t\t\t\t\t<\/div>\n\t\t<\/div>\n\t\t\t\t\t\t\t<\/div>\n\t\t<\/section>\n\t\t\t\t<section class=\"elementor-section elementor-top-section elementor-element elementor-element-0ffc475 elementor-section-boxed elementor-section-height-default elementor-section-height-default\" data-id=\"0ffc475\" data-element_type=\"section\">\n\t\t\t\t\t\t<div class=\"elementor-container elementor-column-gap-default\">\n\t\t\t\t\t<div class=\"elementor-column elementor-col-50 elementor-top-column elementor-element elementor-element-1d5c50c\" data-id=\"1d5c50c\" data-element_type=\"column\">\n\t\t\t<div class=\"elementor-widget-wrap elementor-element-populated\">\n\t\t\t\t\t\t\t\t<div class=\"elementor-element elementor-element-10763d0 elementor-widget elementor-widget-image\" data-id=\"10763d0\" data-element_type=\"widget\" data-widget_type=\"image.default\">\n\t\t\t\t<div class=\"elementor-widget-container\">\n\t\t\t<style>\/*! elementor - v3.18.0 - 20-12-2023 *\/\n.elementor-widget-image{text-align:center}.elementor-widget-image a{display:inline-block}.elementor-widget-image a img[src$=\".svg\"]{width:48px}.elementor-widget-image img{vertical-align:middle;display:inline-block}<\/style>\t\t\t\t\t\t\t\t\t\t\t\t\t<a href=\"http:\/\/wiaje.com\/wp-content\/uploads\/2024\/01\/Recurso-9.png\" data-elementor-open-lightbox=\"yes\" data-elementor-lightbox-title=\"Recurso 9\" data-e-action-hash=\"#elementor-action%3Aaction%3Dlightbox%26settings%3DeyJpZCI6MTA4OSwidXJsIjoiaHR0cHM6XC9cL3dpYWplLmNvbVwvd3AtY29udGVudFwvdXBsb2Fkc1wvMjAyNFwvMDFcL1JlY3Vyc28tOS5wbmcifQ%3D%3D\">\n\t\t\t\t\t\t\t<img fetchpriority=\"high\" decoding=\"async\" width=\"670\" height=\"730\" src=\"https:\/\/wiaje.com\/wp-content\/uploads\/2024\/01\/Recurso-9.png\" class=\"attachment-large size-large wp-image-1089\" alt=\"\" srcset=\"https:\/\/wiaje.com\/wp-content\/uploads\/2024\/01\/Recurso-9.png 670w, https:\/\/wiaje.com\/wp-content\/uploads\/2024\/01\/Recurso-9-275x300.png 275w, https:\/\/wiaje.com\/wp-content\/uploads\/2024\/01\/Recurso-9-230x251.png 230w, https:\/\/wiaje.com\/wp-content\/uploads\/2024\/01\/Recurso-9-350x381.png 350w, https:\/\/wiaje.com\/wp-content\/uploads\/2024\/01\/Recurso-9-480x523.png 480w\" sizes=\"(max-width: 670px) 100vw, 670px\" \/>\t\t\t\t\t\t\t\t<\/a>\n\t\t\t\t\t\t\t\t\t\t\t\t\t\t\t<\/div>\n\t\t\t\t<\/div>\n\t\t\t\t<div class=\"elementor-element elementor-element-4df4a03 elementor-widget elementor-widget-image\" data-id=\"4df4a03\" data-element_type=\"widget\" data-widget_type=\"image.default\">\n\t\t\t\t<div class=\"elementor-widget-container\">\n\t\t\t\t\t\t\t\t\t\t\t\t\t\t\t\t<a href=\"http:\/\/wiaje.com\/wp-content\/uploads\/2024\/01\/Recurso-5-1.png\" data-elementor-open-lightbox=\"yes\" data-elementor-lightbox-title=\"Recurso 5\" data-e-action-hash=\"#elementor-action%3Aaction%3Dlightbox%26settings%3DeyJpZCI6MTA4NSwidXJsIjoiaHR0cHM6XC9cL3dpYWplLmNvbVwvd3AtY29udGVudFwvdXBsb2Fkc1wvMjAyNFwvMDFcL1JlY3Vyc28tNS0xLnBuZyJ9\">\n\t\t\t\t\t\t\t<img decoding=\"async\" width=\"669\" height=\"784\" src=\"https:\/\/wiaje.com\/wp-content\/uploads\/2024\/01\/Recurso-5-1.png\" class=\"attachment-large size-large wp-image-1085\" alt=\"\" srcset=\"https:\/\/wiaje.com\/wp-content\/uploads\/2024\/01\/Recurso-5-1.png 669w, https:\/\/wiaje.com\/wp-content\/uploads\/2024\/01\/Recurso-5-1-256x300.png 256w, https:\/\/wiaje.com\/wp-content\/uploads\/2024\/01\/Recurso-5-1-230x270.png 230w, https:\/\/wiaje.com\/wp-content\/uploads\/2024\/01\/Recurso-5-1-350x410.png 350w, https:\/\/wiaje.com\/wp-content\/uploads\/2024\/01\/Recurso-5-1-480x563.png 480w\" sizes=\"(max-width: 669px) 100vw, 669px\" \/>\t\t\t\t\t\t\t\t<\/a>\n\t\t\t\t\t\t\t\t\t\t\t\t\t\t\t<\/div>\n\t\t\t\t<\/div>\n\t\t\t\t<div class=\"elementor-element elementor-element-edb44f0 elementor-widget elementor-widget-image\" data-id=\"edb44f0\" data-element_type=\"widget\" data-widget_type=\"image.default\">\n\t\t\t\t<div class=\"elementor-widget-container\">\n\t\t\t\t\t\t\t\t\t\t\t\t\t\t\t\t<a href=\"http:\/\/wiaje.com\/wp-content\/uploads\/2024\/01\/Recurso-7.png\" data-elementor-open-lightbox=\"yes\" data-elementor-lightbox-title=\"Recurso 7\" data-e-action-hash=\"#elementor-action%3Aaction%3Dlightbox%26settings%3DeyJpZCI6MTA4NywidXJsIjoiaHR0cHM6XC9cL3dpYWplLmNvbVwvd3AtY29udGVudFwvdXBsb2Fkc1wvMjAyNFwvMDFcL1JlY3Vyc28tNy5wbmcifQ%3D%3D\">\n\t\t\t\t\t\t\t<img decoding=\"async\" width=\"669\" height=\"784\" src=\"https:\/\/wiaje.com\/wp-content\/uploads\/2024\/01\/Recurso-7.png\" class=\"attachment-large size-large wp-image-1087\" alt=\"\" srcset=\"https:\/\/wiaje.com\/wp-content\/uploads\/2024\/01\/Recurso-7.png 669w, https:\/\/wiaje.com\/wp-content\/uploads\/2024\/01\/Recurso-7-256x300.png 256w, https:\/\/wiaje.com\/wp-content\/uploads\/2024\/01\/Recurso-7-230x270.png 230w, https:\/\/wiaje.com\/wp-content\/uploads\/2024\/01\/Recurso-7-350x410.png 350w, https:\/\/wiaje.com\/wp-content\/uploads\/2024\/01\/Recurso-7-480x563.png 480w\" sizes=\"(max-width: 669px) 100vw, 669px\" \/>\t\t\t\t\t\t\t\t<\/a>\n\t\t\t\t\t\t\t\t\t\t\t\t\t\t\t<\/div>\n\t\t\t\t<\/div>\n\t\t\t\t\t<\/div>\n\t\t<\/div>\n\t\t\t\t<div class=\"elementor-column elementor-col-50 elementor-top-column elementor-element elementor-element-b6722ed\" data-id=\"b6722ed\" data-element_type=\"column\">\n\t\t\t<div class=\"elementor-widget-wrap elementor-element-populated\">\n\t\t\t\t\t\t\t\t<div class=\"elementor-element elementor-element-6a011e8 elementor-widget__width-auto elementor-widget elementor-widget-image\" data-id=\"6a011e8\" data-element_type=\"widget\" data-widget_type=\"image.default\">\n\t\t\t\t<div class=\"elementor-widget-container\">\n\t\t\t\t\t\t\t\t\t\t\t\t\t\t\t\t<a href=\"http:\/\/wiaje.com\/wp-content\/uploads\/2024\/01\/Recurso-4-1.png\" data-elementor-open-lightbox=\"yes\" data-elementor-lightbox-title=\"Recurso 4\" data-e-action-hash=\"#elementor-action%3Aaction%3Dlightbox%26settings%3DeyJpZCI6MTA4NCwidXJsIjoiaHR0cHM6XC9cL3dpYWplLmNvbVwvd3AtY29udGVudFwvdXBsb2Fkc1wvMjAyNFwvMDFcL1JlY3Vyc28tNC0xLnBuZyJ9\">\n\t\t\t\t\t\t\t<img loading=\"lazy\" decoding=\"async\" width=\"669\" height=\"730\" src=\"https:\/\/wiaje.com\/wp-content\/uploads\/2024\/01\/Recurso-4-1.png\" class=\"attachment-large size-large wp-image-1084\" alt=\"\" srcset=\"https:\/\/wiaje.com\/wp-content\/uploads\/2024\/01\/Recurso-4-1.png 669w, https:\/\/wiaje.com\/wp-content\/uploads\/2024\/01\/Recurso-4-1-275x300.png 275w, https:\/\/wiaje.com\/wp-content\/uploads\/2024\/01\/Recurso-4-1-230x251.png 230w, https:\/\/wiaje.com\/wp-content\/uploads\/2024\/01\/Recurso-4-1-350x382.png 350w, https:\/\/wiaje.com\/wp-content\/uploads\/2024\/01\/Recurso-4-1-480x524.png 480w\" sizes=\"(max-width: 669px) 100vw, 669px\" \/>\t\t\t\t\t\t\t\t<\/a>\n\t\t\t\t\t\t\t\t\t\t\t\t\t\t\t<\/div>\n\t\t\t\t<\/div>\n\t\t\t\t<div class=\"elementor-element elementor-element-7f04936 elementor-widget elementor-widget-image\" data-id=\"7f04936\" data-element_type=\"widget\" data-widget_type=\"image.default\">\n\t\t\t\t<div class=\"elementor-widget-container\">\n\t\t\t\t\t\t\t\t\t\t\t\t\t\t\t\t<a href=\"http:\/\/wiaje.com\/wp-content\/uploads\/2024\/01\/Recurso-6.png\" data-elementor-open-lightbox=\"yes\" data-elementor-lightbox-title=\"Recurso 6\" data-e-action-hash=\"#elementor-action%3Aaction%3Dlightbox%26settings%3DeyJpZCI6MTA4NiwidXJsIjoiaHR0cHM6XC9cL3dpYWplLmNvbVwvd3AtY29udGVudFwvdXBsb2Fkc1wvMjAyNFwvMDFcL1JlY3Vyc28tNi5wbmcifQ%3D%3D\">\n\t\t\t\t\t\t\t<img loading=\"lazy\" decoding=\"async\" width=\"669\" height=\"784\" src=\"https:\/\/wiaje.com\/wp-content\/uploads\/2024\/01\/Recurso-6.png\" class=\"attachment-large size-large wp-image-1086\" alt=\"\" srcset=\"https:\/\/wiaje.com\/wp-content\/uploads\/2024\/01\/Recurso-6.png 669w, https:\/\/wiaje.com\/wp-content\/uploads\/2024\/01\/Recurso-6-256x300.png 256w, https:\/\/wiaje.com\/wp-content\/uploads\/2024\/01\/Recurso-6-230x270.png 230w, https:\/\/wiaje.com\/wp-content\/uploads\/2024\/01\/Recurso-6-350x410.png 350w, https:\/\/wiaje.com\/wp-content\/uploads\/2024\/01\/Recurso-6-480x563.png 480w\" sizes=\"(max-width: 669px) 100vw, 669px\" \/>\t\t\t\t\t\t\t\t<\/a>\n\t\t\t\t\t\t\t\t\t\t\t\t\t\t\t<\/div>\n\t\t\t\t<\/div>\n\t\t\t\t<div class=\"elementor-element elementor-element-48fcb6c elementor-widget elementor-widget-image\" data-id=\"48fcb6c\" data-element_type=\"widget\" data-widget_type=\"image.default\">\n\t\t\t\t<div class=\"elementor-widget-container\">\n\t\t\t\t\t\t\t\t\t\t\t\t\t\t\t\t<a href=\"http:\/\/wiaje.com\/wp-content\/uploads\/2024\/01\/Recurso-8.png\" data-elementor-open-lightbox=\"yes\" data-elementor-lightbox-title=\"Recurso 8\" data-e-action-hash=\"#elementor-action%3Aaction%3Dlightbox%26settings%3DeyJpZCI6MTA4OCwidXJsIjoiaHR0cHM6XC9cL3dpYWplLmNvbVwvd3AtY29udGVudFwvdXBsb2Fkc1wvMjAyNFwvMDFcL1JlY3Vyc28tOC5wbmcifQ%3D%3D\">\n\t\t\t\t\t\t\t<img loading=\"lazy\" decoding=\"async\" width=\"691\" height=\"784\" src=\"https:\/\/wiaje.com\/wp-content\/uploads\/2024\/01\/Recurso-8.png\" class=\"attachment-large size-large wp-image-1088\" alt=\"\" srcset=\"https:\/\/wiaje.com\/wp-content\/uploads\/2024\/01\/Recurso-8.png 691w, https:\/\/wiaje.com\/wp-content\/uploads\/2024\/01\/Recurso-8-264x300.png 264w, https:\/\/wiaje.com\/wp-content\/uploads\/2024\/01\/Recurso-8-230x261.png 230w, https:\/\/wiaje.com\/wp-content\/uploads\/2024\/01\/Recurso-8-350x397.png 350w, https:\/\/wiaje.com\/wp-content\/uploads\/2024\/01\/Recurso-8-480x545.png 480w\" sizes=\"(max-width: 691px) 100vw, 691px\" \/>\t\t\t\t\t\t\t\t<\/a>\n\t\t\t\t\t\t\t\t\t\t\t\t\t\t\t<\/div>\n\t\t\t\t<\/div>\n\t\t\t\t\t<\/div>\n\t\t<\/div>\n\t\t\t\t\t\t\t<\/div>\n\t\t<\/section>\n\t\t<div class=\"elementor-element elementor-element-f666e61 e-flex e-con-boxed e-con e-parent\" data-id=\"f666e61\" data-element_type=\"container\" data-settings=\"{&quot;content_width&quot;:&quot;boxed&quot;}\" data-core-v316-plus=\"true\">\n\t\t\t\t\t<div class=\"e-con-inner\">\n\t\t<div class=\"elementor-element elementor-element-46d86e4 e-con-full e-flex e-con e-child\" data-id=\"46d86e4\" data-element_type=\"container\" data-settings=\"{&quot;content_width&quot;:&quot;full&quot;}\">\n\t\t\t\t<div class=\"elementor-element elementor-element-23f7d48 elementor-widget elementor-widget-heading\" data-id=\"23f7d48\" data-element_type=\"widget\" data-widget_type=\"heading.default\">\n\t\t\t\t<div class=\"elementor-widget-container\">\n\t\t\t<h2 class=\"elementor-heading-title elementor-size-default\">Planes anuales de alto impacto<\/h2>\t\t<\/div>\n\t\t\t\t<\/div>\n\t\t\t\t<\/div>\n\t\t<div class=\"elementor-element elementor-element-f7bca6c e-con-full e-flex e-con e-child\" data-id=\"f7bca6c\" data-element_type=\"container\" data-settings=\"{&quot;content_width&quot;:&quot;full&quot;}\">\n\t\t\t\t<div class=\"elementor-element elementor-element-3437b81 elementor-widget elementor-widget-heading\" data-id=\"3437b81\" data-element_type=\"widget\" data-widget_type=\"heading.default\">\n\t\t\t\t<div class=\"elementor-widget-container\">\n\t\t\t<h2 class=\"elementor-heading-title elementor-size-default\">El menor costo por lead del mercado<\/h2>\t\t<\/div>\n\t\t\t\t<\/div>\n\t\t\t\t<\/div>\n\t\t<div class=\"elementor-element elementor-element-3351e06 e-con-full e-flex e-con e-child\" data-id=\"3351e06\" data-element_type=\"container\" data-settings=\"{&quot;content_width&quot;:&quot;full&quot;}\">\n\t\t\t\t<div class=\"elementor-element elementor-element-9db3695 elementor-widget elementor-widget-heading\" data-id=\"9db3695\" data-element_type=\"widget\" data-widget_type=\"heading.default\">\n\t\t\t\t<div class=\"elementor-widget-container\">\n\t\t\t<h2 class=\"elementor-heading-title elementor-size-default\">Mejoramos todos tus \u00edndices online<\/h2>\t\t<\/div>\n\t\t\t\t<\/div>\n\t\t\t\t<\/div>\n\t\t<div class=\"elementor-element elementor-element-83b21bc e-con-full e-flex e-con e-child\" data-id=\"83b21bc\" data-element_type=\"container\" data-settings=\"{&quot;content_width&quot;:&quot;full&quot;}\">\n\t\t\t\t<div class=\"elementor-element elementor-element-25294a3 elementor-widget elementor-widget-heading\" data-id=\"25294a3\" data-element_type=\"widget\" data-widget_type=\"heading.default\">\n\t\t\t\t<div class=\"elementor-widget-container\">\n\t\t\t<h2 class=\"elementor-heading-title elementor-size-default\">+50 medios globales incluidos<\/h2>\t\t<\/div>\n\t\t\t\t<\/div>\n\t\t\t\t<\/div>\n\t\t<div class=\"elementor-element elementor-element-79000f9 e-con-full e-flex e-con e-child\" data-id=\"79000f9\" data-element_type=\"container\" data-settings=\"{&quot;content_width&quot;:&quot;full&quot;}\">\n\t\t\t\t<div class=\"elementor-element elementor-element-d214671 elementor-widget elementor-widget-heading\" data-id=\"d214671\" data-element_type=\"widget\" data-widget_type=\"heading.default\">\n\t\t\t\t<div class=\"elementor-widget-container\">\n\t\t\t<h2 class=\"elementor-heading-title elementor-size-default\">Cubrimos +85% del mercado<br>tur\u00edstico <\/h2>\t\t<\/div>\n\t\t\t\t<\/div>\n\t\t\t\t<\/div>\n\t\t\t\t\t<\/div>\n\t\t\t\t<\/div>\n\t\t\t\t<section class=\"elementor-section elementor-top-section elementor-element elementor-element-7686b4e elementor-section-content-middle elementor-section-boxed elementor-section-height-default elementor-section-height-default\" data-id=\"7686b4e\" data-element_type=\"section\" data-settings=\"{&quot;background_background&quot;:&quot;classic&quot;}\">\n\t\t\t\t\t\t<div class=\"elementor-container elementor-column-gap-default\">\n\t\t\t\t\t<div class=\"elementor-column elementor-col-50 elementor-top-column elementor-element elementor-element-a851e9a\" data-id=\"a851e9a\" data-element_type=\"column\">\n\t\t\t<div class=\"elementor-widget-wrap elementor-element-populated\">\n\t\t\t\t\t\t\t\t<div class=\"elementor-element elementor-element-0ab9a9a elementor-widget elementor-widget-heading\" data-id=\"0ab9a9a\" data-element_type=\"widget\" data-widget_type=\"heading.default\">\n\t\t\t\t<div class=\"elementor-widget-container\">\n\t\t\t<h2 class=\"elementor-heading-title elementor-size-default\">\u00bfDonde quieres llegar? Tenemos un plan.<\/h2>\t\t<\/div>\n\t\t\t\t<\/div>\n\t\t\t\t\t<\/div>\n\t\t<\/div>\n\t\t\t\t<div class=\"elementor-column elementor-col-50 elementor-top-column elementor-element elementor-element-f3ae82a\" data-id=\"f3ae82a\" data-element_type=\"column\">\n\t\t\t<div class=\"elementor-widget-wrap elementor-element-populated\">\n\t\t\t\t\t\t\t\t<div class=\"elementor-element elementor-element-957a20d elementor-align-right elementor-mobile-align-center elementor-widget elementor-widget-button\" data-id=\"957a20d\" data-element_type=\"widget\" data-widget_type=\"button.default\">\n\t\t\t\t<div class=\"elementor-widget-container\">\n\t\t\t\t\t<div class=\"elementor-button-wrapper\">\n\t\t\t<a class=\"elementor-button elementor-button-link elementor-size-sm\" href=\"https:\/\/wiaje.com\/?page_id=553\" target=\"_blank\">\n\t\t\t\t\t\t<span class=\"elementor-button-content-wrapper\">\n\t\t\t\t\t\t<span class=\"elementor-button-text\">Hablemos<\/span>\n\t\t<\/span>\n\t\t\t\t\t<\/a>\n\t\t<\/div>\n\t\t\t\t<\/div>\n\t\t\t\t<\/div>\n\t\t\t\t\t<\/div>\n\t\t<\/div>\n\t\t\t\t\t\t\t<\/div>\n\t\t<\/section>\n\t\t\t\t\t\t\t<\/div>\n\t\t","protected":false},"excerpt":{"rendered":"<p>Nuestros Planes Wiaje\u00ae no tiene l\u00edmites. Podemos llevarte a donde sue\u00f1es. Pero para ayudarte en tu decisi\u00f3n creamos paquetes totales a un [&hellip;]<\/p>\n","protected":false},"author":1,"featured_media":0,"parent":0,"menu_order":0,"comment_status":"closed","ping_status":"closed","template":"page-templates\/page_front-page.php","meta":{"footnotes":""},"_links":{"self":[{"href":"https:\/\/wiaje.com\/index.php?rest_route=\/wp\/v2\/pages\/494"}],"collection":[{"href":"https:\/\/wiaje.com\/index.php?rest_route=\/wp\/v2\/pages"}],"about":[{"href":"https:\/\/wiaje.com\/index.php?rest_route=\/wp\/v2\/types\/page"}],"author":[{"embeddable":true,"href":"https:\/\/wiaje.com\/index.php?rest_route=\/wp\/v2\/users\/1"}],"replies":[{"embeddable":true,"href":"https:\/\/wiaje.com\/index.php?rest_route=%2Fwp%2Fv2%2Fcomments&post=494"}],"version-history":[{"count":29,"href":"https:\/\/wiaje.com\/index.php?rest_route=\/wp\/v2\/pages\/494\/revisions"}],"predecessor-version":[{"id":1101,"href":"https:\/\/wiaje.com\/index.php?rest_route=\/wp\/v2\/pages\/494\/revisions\/1101"}],"wp:attachment":[{"href":"https:\/\/wiaje.com\/index.php?rest_route=%2Fwp%2Fv2%2Fmedia&parent=494"}],"curies":[{"name":"wp","href":"https:\/\/api.w.org\/{rel}","templated":true}]}}